{"id":79,"date":"2025-11-04T20:48:03","date_gmt":"2025-11-04T20:48:03","guid":{"rendered":"https:\/\/goldcerezim.com\/?page_id=79"},"modified":"2025-11-04T22:55:51","modified_gmt":"2025-11-04T22:55:51","slug":"ana-sayfa","status":"publish","type":"page","link":"https:\/\/goldcerezim.com\/","title":{"rendered":"Ana Sayfa"},"content":{"rendered":"<figure><img decoding=\"async\" src=\"https:\/\/goldcerezim.com\/wp-content\/uploads\/2025\/11\/2.jpg\" alt=\"2\" \/><\/figure>\n<figure><img decoding=\"async\" src=\"https:\/\/goldcerezim.com\/wp-content\/uploads\/2025\/11\/4.jpg\" alt=\"4\" \/><\/figure>\n<figure><img decoding=\"async\" src=\"https:\/\/goldcerezim.com\/wp-content\/uploads\/2025\/11\/3.jpg\" alt=\"3\" \/><\/figure>\n<figure><img decoding=\"async\" src=\"https:\/\/goldcerezim.com\/wp-content\/uploads\/2025\/11\/1.jpg\" alt=\"1\" \/><\/figure>\n<p>\t\t\t\t\t\t<svg aria-hidden=\"true\" viewBox=\"0 0 1000 1000\" xmlns=\"http:\/\/www.w3.org\/2000\/svg\"><path d=\"M646 125C629 125 613 133 604 142L308 442C296 454 292 471 292 487 292 504 296 521 308 533L604 854C617 867 629 875 646 875 663 875 679 871 692 858 704 846 713 829 713 812 713 796 708 779 692 767L438 487 692 225C700 217 708 204 708 187 708 171 704 154 692 142 675 129 663 125 646 125Z\"><\/path><\/svg><br \/>\n\t\t\t\t\t\t<svg aria-hidden=\"true\" viewBox=\"0 0 1000 1000\" xmlns=\"http:\/\/www.w3.org\/2000\/svg\"><path d=\"M696 533C708 521 713 504 713 487 713 471 708 454 696 446L400 146C388 133 375 125 354 125 338 125 325 129 313 142 300 154 292 171 292 187 292 204 296 221 308 233L563 492 304 771C292 783 288 800 288 817 288 833 296 850 308 863 321 871 338 875 354 875 371 875 388 867 400 854L696 533Z\"><\/path><\/svg><br \/>\n\t\t\t\t\t\t\t\t\t\t\t\t\t\t\t\t\t<img loading=\"lazy\" decoding=\"async\" width=\"576\" height=\"1024\" src=\"https:\/\/goldcerezim.com\/wp-content\/uploads\/2025\/11\/AA1tyap7-576x1024.jpeg\" alt=\"\" srcset=\"https:\/\/goldcerezim.com\/wp-content\/uploads\/2025\/11\/AA1tyap7-576x1024.jpeg 576w, https:\/\/goldcerezim.com\/wp-content\/uploads\/2025\/11\/AA1tyap7-169x300.jpeg 169w, https:\/\/goldcerezim.com\/wp-content\/uploads\/2025\/11\/AA1tyap7-600x1067.jpeg 600w, https:\/\/goldcerezim.com\/wp-content\/uploads\/2025\/11\/AA1tyap7.jpeg 720w\" sizes=\"auto, (max-width: 576px) 100vw, 576px\" \/>\t\t\t\t\t\t\t\t\t\t\t\t\t<\/p>\n<h1>Tad\u0131nda Tazelik<\/h1>\n<h1>Gold \u00c7erezim Kalitesiyle Kuruyemi\u015fler\u00a0<\/h1>\n<p>\u00a0<\/p>\n<p>Gold \u00c7erezim olarak, sizlere sundu\u011fumuz her bir kuruyemi\u015f tanesinin, do\u011fan\u0131n bize bah\u015fetti\u011fi <b>en taze ve en lezzetli<\/b> haliyle sofran\u0131za ula\u015fmas\u0131 i\u00e7in titizlikle \u00e7al\u0131\u015f\u0131yoruz. \u0130malat s\u00fcrecimiz, tazelik ve kaliteyi esas alan, geleneksel y\u00f6ntemlerle modern teknolojinin harmanland\u0131\u011f\u0131 \u00f6zel bir yolculuktur.<\/p>\n<p>\u00d6ncelikle, d\u00fcnyan\u0131n d\u00f6rt bir yan\u0131ndan gelen <b>en kaliteli Kuruyemi\u015fler<\/b> \u00f6zenle se\u00e7ilir. Her \u00fcr\u00fcn, alan\u0131nda uzman ekibimiz taraf\u0131ndan s\u0131k\u0131 kalite kontrol testlerinden ge\u00e7irilir.<\/p>\n<p>Tesislerimizde, kuruyemi\u015flerin lezzetini doru\u011fa \u00e7\u0131karan <b>\u00f6zel kavurma teknikleri<\/b> uygulan\u0131r. Bu teknikler sayesinde, her bir \u00e7ekirdek ve f\u0131nd\u0131k i\u00e7i, hem ideal \u00e7\u0131t\u0131rl\u0131\u011fa ula\u015f\u0131r hem de do\u011fal aromas\u0131n\u0131 korur.<\/p>\n<p><b>Hijyen ve g\u0131da g\u00fcvenli\u011fi<\/b> standartlar\u0131m\u0131z en \u00fcst d\u00fczeydedir. \u00dcretimin her a\u015famas\u0131, uluslararas\u0131 ge\u00e7erlili\u011fe sahip sertifikalarla g\u00fcvence alt\u0131na al\u0131nm\u0131\u015ft\u0131r.<\/p>\n<p>S\u0131cak f\u0131r\u0131nlardan \u00e7\u0131kan taze kuruyemi\u015flerimiz, tazeliklerini uzun s\u00fcre koruyacak \u015fekilde, <b>hava almayacak \u00f6zel ambalajlara<\/b> h\u0131zla paketlenir.<\/p>\n<p>Gold \u00c7erezim, sadece bir marka de\u011fil, tazeli\u011fi ve lezzeti bir araya getiren bir <b>\u00fcretim felsefesidir<\/b>.<\/p>\n<p>T\u00fcketti\u011finiz her pakette, bu \u00f6zenli eme\u011fin ve taze imalat\u0131n fark\u0131n\u0131 hissedeceksiniz.<\/p>\n","protected":false},"excerpt":{"rendered":"<p>Tad\u0131nda Tazelik Gold \u00c7erezim Kalitesiyle Kuruyemi\u015fler\u00a0 \u00a0 Gold \u00c7erezim olarak, sizlere sundu\u011fumuz her bir kuruyemi\u015f tanesinin, do\u011fan\u0131n bize bah\u015fetti\u011fi en taze ve en lezzetli haliyle sofran\u0131za ula\u015fmas\u0131 i\u00e7in titizlikle \u00e7al\u0131\u015f\u0131yoruz. \u0130malat s\u00fcrecimiz, tazelik ve kaliteyi esas alan, geleneksel y\u00f6ntemlerle modern teknolojinin harmanland\u0131\u011f\u0131 \u00f6zel bir yolculuktur. \u00d6ncelikle, d\u00fcnyan\u0131n d\u00f6rt bir yan\u0131ndan gelen en kaliteli Kuruyemi\u015fler \u00f6zenle [&hellip;]<\/p>\n","protected":false},"author":1,"featured_media":0,"parent":0,"menu_order":0,"comment_status":"closed","ping_status":"closed","template":"","meta":{"footnotes":""},"class_list":["post-79","page","type-page","status-publish","hentry"],"_links":{"self":[{"href":"https:\/\/goldcerezim.com\/index.php\/wp-json\/wp\/v2\/pages\/79","targetHints":{"allow":["GET"]}}],"collection":[{"href":"https:\/\/goldcerezim.com\/index.php\/wp-json\/wp\/v2\/pages"}],"about":[{"href":"https:\/\/goldcerezim.com\/index.php\/wp-json\/wp\/v2\/types\/page"}],"author":[{"embeddable":true,"href":"https:\/\/goldcerezim.com\/index.php\/wp-json\/wp\/v2\/users\/1"}],"replies":[{"embeddable":true,"href":"https:\/\/goldcerezim.com\/index.php\/wp-json\/wp\/v2\/comments?post=79"}],"version-history":[{"count":7,"href":"https:\/\/goldcerezim.com\/index.php\/wp-json\/wp\/v2\/pages\/79\/revisions"}],"predecessor-version":[{"id":110,"href":"https:\/\/goldcerezim.com\/index.php\/wp-json\/wp\/v2\/pages\/79\/revisions\/110"}],"wp:attachment":[{"href":"https:\/\/goldcerezim.com\/index.php\/wp-json\/wp\/v2\/media?parent=79"}],"curies":[{"name":"wp","href":"https:\/\/api.w.org\/{rel}","templated":true}]}}