{"id":89,"date":"2025-11-04T20:51:19","date_gmt":"2025-11-04T20:51:19","guid":{"rendered":"https:\/\/goldcerezim.com\/?page_id=89"},"modified":"2025-12-13T01:42:13","modified_gmt":"2025-12-13T01:42:13","slug":"iletisim","status":"publish","type":"page","link":"https:\/\/goldcerezim.com\/index.php\/iletisim\/","title":{"rendered":"\u0130leti\u015fim"},"content":{"rendered":"<p><iframe loading=\"lazy\"\n\t\t\t\t\tsrc=\"https:\/\/maps.google.com\/maps?q=sanayi%20mahallesi%2060213%20cadde%2035.%20blok%20&#038;t=m&#038;z=13&#038;output=embed&#038;iwloc=near\"\n\t\t\t\t\ttitle=\"sanayi mahallesi 60213 cadde 35. blok \"\n\t\t\t\t\taria-label=\"sanayi mahallesi 60213 cadde 35. blok \"\n\t\t\t><\/iframe><\/p>\n<h2>\u0130LET\u0130\u015e\u0130M B\u0130LG\u0130LER\u0130<\/h2>\n<p>ADRES\u00a0 : SANAY\u0130 MAH. 60213 CAD. 35. BLOK NO :1\/5 \u015eEH\u0130TKAM\u0130L\/GAZ\u0130ANTEP<\/p>\n<p>HAL\u0130L YILDIRIM : +90 543 233 31 12<\/p>\n<p>MEHMET ALKAN : +90 544 278 18 69<\/p>\n<p>MA\u0130L : info@goldcerezim.com<\/p>\n","protected":false},"excerpt":{"rendered":"<p>\u0130LET\u0130\u015e\u0130M B\u0130LG\u0130LER\u0130 ADRES\u00a0 : SANAY\u0130 MAH. 60213 CAD. 35. BLOK NO :1\/5 \u015eEH\u0130TKAM\u0130L\/GAZ\u0130ANTEP HAL\u0130L YILDIRIM : +90 543 233 31 12 MEHMET ALKAN : +90 544 278 18 69 MA\u0130L : info@goldcerezim.com<\/p>\n","protected":false},"author":1,"featured_media":0,"parent":0,"menu_order":0,"comment_status":"closed","ping_status":"closed","template":"","meta":{"footnotes":""},"class_list":["post-89","page","type-page","status-publish","hentry"],"_links":{"self":[{"href":"https:\/\/goldcerezim.com\/index.php\/wp-json\/wp\/v2\/pages\/89","targetHints":{"allow":["GET"]}}],"collection":[{"href":"https:\/\/goldcerezim.com\/index.php\/wp-json\/wp\/v2\/pages"}],"about":[{"href":"https:\/\/goldcerezim.com\/index.php\/wp-json\/wp\/v2\/types\/page"}],"author":[{"embeddable":true,"href":"https:\/\/goldcerezim.com\/index.php\/wp-json\/wp\/v2\/users\/1"}],"replies":[{"embeddable":true,"href":"https:\/\/goldcerezim.com\/index.php\/wp-json\/wp\/v2\/comments?post=89"}],"version-history":[{"count":7,"href":"https:\/\/goldcerezim.com\/index.php\/wp-json\/wp\/v2\/pages\/89\/revisions"}],"predecessor-version":[{"id":142,"href":"https:\/\/goldcerezim.com\/index.php\/wp-json\/wp\/v2\/pages\/89\/revisions\/142"}],"wp:attachment":[{"href":"https:\/\/goldcerezim.com\/index.php\/wp-json\/wp\/v2\/media?parent=89"}],"curies":[{"name":"wp","href":"https:\/\/api.w.org\/{rel}","templated":true}]}}